0*y**3 + 0 - 1/60*y**5 + 0*y - 8*y**2 + 1/240*y**6 - 1/4*y**4. Let k(q) be the second derivative of g(q). Determine k(-2).
-8
Let u(g) = g**3 - g. Let s be 3/(-18) + 13/6. Suppose 4 = 2*q - s. Let h(k) = 2*k**2 - 4*k - 4. Let b be h(q). Determine u(b).
6
Let m(x) = 2*x + 11. Let o be m(-8). Let l(v) = -v + 1. Let s be l(o). Let d(q) = -10*q - 2 - q**2 + 5*q + 3 + 8*q - 4. Give d(s).
-21
Let z(k) be the third derivative of 1/6*k**3 + 0 + 0*k + 1/60*k**5 - 10*k**2 - 1/4*k**4. Suppose 0*u + 5*u + 3*i - 31 = 0, 0 = -u + 4*i - 3. What is z(u)?
-4
Let o(w) = w**3 - 2*w**2 - 1. Suppose -13*k = -11*k - 76. Let s(f) = -30*f + k + 51*f - 26*f. Let g be s(7). Calculate o(g).
8
Let t(m) be the first derivative of -3*m**4/2 - m**3/3 - m**2 - m + 405. Give t(-2).
47
Let h(y) = -y - 4. Let v(m) = -3*m - 5. Let c(q) = 2*h(q) - v(q). Let i = 13 + -6. Give c(i).
4
Let o(l) = -2*l - 17. Let g(n) = 90 - 2*n + 0*n - 105. Let a(k) = -7*g(k) + 6*o(k). Give a(-9).
-15
Let n be 2/(-2)*(1 - 2). Let m = 1 - n. Let r(l) be the first derivative of -l**4/4 + l**3/3 + l**2/2 - 7*l - 7676. Determine r(m).
-7
Let d(a) = a**3 - 11*a**2 + 16*a - 19. Let l be -23 - (-33 - -3) - (0 - 2). Calculate d(l).
-37
Let u = -6 + 5. Let j(t) = 4*t**3 - t**2 + 6*t. Let h(i) = 2*i**3 - i**2 + 5*i. Let n(l) = -6*h(l) + 5*j(l). What is n(u)?
-7
Let j(k) = 5*k + 4 - 13*k + 30*k - 1 + 15*k. Let m(h) = -18*h - 1. Let v(o) = -2*j(o) - 5*m(o). Determine v(2).
31
Let a be 4/(-1) + (-1 - -2). Let f(b) be the third derivative of -1/120*b**6 + 0*b + 1/6*b**3 + 0 - 1/30*b**5 - 50*b**2 + 1/6*b**4. What is f(a)?
-2
Let o be ((-2)/5)/((-1)/(-5)). Let c be 18/(-4)*((-56)/(-24) - 5). Let h(f) = c*f - 5*f**2 - 124 + 122 - 15*f. Calculate h(o).
-16
Let a(u) = -u**3 + 14*u**2 - 13*u - 11. Let g = 52 - 372. Let y = -307 - g. What is a(y)?
-11
Let m(x) = -x - 25. Let i be m(-11). Let r be -4*3 - (i - -11). Let j(p) = p**2 + 6*p - 11. Calculate j(r).
16
Let i(a) = a**2 - 3*a - 26. Let y be i(-4). Let x(s) = -2*s + 6*s**3 - 3*s**3 + 5*s**y - 4*s - 2 - 4*s**3 + 3*s. Calculate x(4).
2
Let p(b) = b**3 + 10*b**2 - 11*b - 37. Let r be (-27)/3 - (322/115 - 4/5). What is p(r)?
-37
Let r(m) = 2*m**2 - 12*m + 10. Let b be r(1). Suppose 0 = s + 4*s - 30. Let f(u) = -u - 4*u**3 - s + 4*u**3 + 3*u**2 - 4*u**2 + u**3. Determine f(b).
-6
Let p(q) = 5 + 6 - 21 + 19 + 4*q. Give p(-5).
-11
Suppose -24 = -2*r + 2*l, -4*r - l = -3*r - 18. Let b = -14 + r. Let n be (b - 5) + 6 + -4. Let q(d) = -3*d + 1. Determine q(n).
7
Let z(r) = 6 + 1019*r - 548*r - 474*r. Give z(2).
0
Suppose -56*y + 3*g = -52*y - 45, y - 7 = 5*g. Let f(t) be the first derivative of 2*t - 1/2*t**2 - y. Determine f(5).
-3
Let j(a) = 12*a + 66. Suppose -43*l + 39*l = -4, 0 = -5*b - 2*l - 38. Determine j(b).
-30
Let c(x) = -14*x - 3. Let i be -3 - ((-780)/936 + (-38)/12). What is c(i)?
-17
Let z(d) = -5*d + 18. Let i be z(3). Suppose -p - 3 = 0, 0 = -3*y - 23*p + 24*p + i. Let m(o) = -o**3 - o - 12. Give m(y).
-12
Let z be (-64)/240*30/(-4). Let y(u) = -15427 - z*u + 15427. Calculate y(-3).
6
Let c(x) be the second derivative of 13*x**3/6 - 95*x**2/2 - 2309*x. Calculate c(8).
9
Let u(g) = -3*g**2 - 5*g - 12. Suppose -74*j - 143 = 200 + 27. Determine u(j).
-62
Let c(s) be the first derivative of -s**6/120 - s**5/12 + s**4/4 - s**3/2 - 9*s**2 + 9. Let j(d) be the second derivative of c(d). Determine j(-6).
-3
Let z(m) = -m**3 + 9*m**2 - 3*m - 12. Let r(v) = -2*v**3 + 19*v**2 - 7*v - 24. Let u(c) = 4*r(c) - 7*z(c). Let x be (984 + -986)*7*(-2)/(-7)*-3. Calculate u(x).
48
Let u(r) = 2*r - 39. Let m(n) = 25*n - 198. Let y(t) = m(t) - 3*u(t). Give y(4).
-5
Suppose j + 2*j - 125 = -4*c, -5*j = 5*c - 205. Suppose 0 = -7*m + j - 46. Let v(d) = 31*d - 1. Calculate v(m).
-32
Let q(x) = 3*x**2 - 19*x + 4. Let f(b) = -b**2 - 3*b + 24. Let g(a) = -41*a + 240. Let m be g(6). Let l be f(m). Calculate q(l).
-2
Let q = 2665 + -2656. Let g(r) = -r**2 + 5*r + 33. What is g(q)?
-3
Let d(h) be the first derivative of 7*h**3/3 - 5*h**2/2 + 6*h - 1203. Calculate d(2).
24
Suppose 15 = 2*t + 5. Let u(b) = 0*b - 4*b - t*b**2 + 348 - b**3 - b**2 - 353. Let g(o) = -2*o**2 - 7*o - 10. Let a be g(-2). Calculate u(a).
-21
Let h(c) = -c**2 + 18*c - 25. Let u be h(11). Suppose 2*o - 15*o = u. Let n(d) = d**2 - 3*d + 2. Determine n(o).
30
Let w be -1*(6/(-9) + 2641/(-57)). Let f = -89 - -132. Let o = w - f. Let u(p) = -p**3 + 4*p**2 + 2*p - 1. Calculate u(o).
7
Let c(s) = -58*s**3 + 7*s**2 - 37*s - 25. Let u(x) = -22*x**3 + 2*x**2 - 14*x - 9. Let n(t) = -3*c(t) + 8*u(t). What is n(-3)?
15
Let m(n) = -5*n - 3. Suppose v - 383*z + 2 = -378*z, 2*z = 2. Determine m(v).
-18
Let c(v) be the second derivative of -11*v - 1/3*v**4 + 1/3*v**3 - 1/20*v**5 + 0 + v**2. Determine c(-3).
-13
Let w(r) = -2*r**2 + 5*r. Let j be 1/6*1 + 221/78. What is w(j)?
-3
Let y(g) = 3*g + 64. Let j(v) = v + 21. Let i(q) = 7*j(q) - 2*y(q). Let w(s) = -26*s - 1524. Let r be w(-58). Determine i(r).
3
Suppose c + s = -4, -8664*c = -8659*c + 2*s + 23. Let j(r) = 11*r + 64. Calculate j(c).
9
Let r(q) = -2*q**2 + 254*q + 3942. Let j be r(-14). Let v(b) = b. Let w(s) = -s**3 - 8*s**2 - 4*s - 5. Let h(n) = -3*v(n) + w(n). Give h(j).
-35
Let l(n) = -12*n + 9. Let r = -1057 - -1058. What is l(r)?
-3
Let v(l) = -191*l + 15858. Let x be v(83). Let w(d) = -2 - 1 - d**2 + 5*d + 0*d. Determine w(x).
-3
Let m(f) be the first derivative of 1/3*f**3 - 1/2*f**2 - 1 + 7*f. Suppose -j - 2*b - 8 = 0, 2*j = -85*b + 86*b + 4. Determine m(j).
7
Let g(p) = p - 758 - 757 + 1498 + p**2. Let h be g(-4). Let k(n) = -n**3 - 6*n**2 - 4*n + 6. Calculate k(h).
1
Let n(m) = -5 - 438177*m + 38 + 438174*m + 28. What is n(9)?
34
Suppose 4*n - 1900 = -2*j, 24*n = 26*n - j - 942. Let b = -488 + n. Let a(d) = d**2 + 16*d + 4. Calculate a(b).
-11
Suppose -j = 3*j - 16. Let f(z) = z**3 + 3*z**2 + 18*z. Let i(n) = 6*n**3 + 13*n**2 + 88*n. Let r(m) = -5*f(m) + i(m). Calculate r(j).
24
Let m be (1/1)/(2/18). Let a(s) = 7*s**3 - 16*s**2 - 8*s - 6. Let r(x) = 4*x**3 - 8*x**2 - 3*x - 4. Let o(u) = 3*a(u) - 5*r(u). What is o(m)?
2
Suppose -z = -2*n + 1, -4*n - z = -5*n - 1. Let x(l) = 0*l**2 - l + 3 + 2*l**2 - l**n. Let m(d) = 3*d**3 + 54*d**2 - 5*d - 87. Let p be m(-18). Determine x(p).
9
Let i(g) be the third derivative of 0*g - 1/24*g**4 + 0 + 1/6*g**3 + 37*g**2. Calculate i(6).
-5
Let f(o) = -6 + 11575*o + 9*o**2 + 4*o**3 - 2*o**3 - 23148*o + 11567*o. What is f(-5)?
-1
Let c be (-4)/(-16)*-254 + (-4)/(-8). Let k be 1*((-84)/c - (-8)/(-6)). Let n(q) = -q - 1. Let u be n(k). Let p(g) = -6*g**2 - 2*g - 1. Determine p(u).
-5
Let p(h) be the first derivative of 59*h**2 - 2*h + 7230. What is p(1)?
116
Let y(q) be the second derivative of -q**4/12 + 4*q**3/3 - q**2 + 9*q + 13. Let v(x) = -x**2 + x - 1 + 2 - 8*x. Let s be v(-6). What is y(s)?
5
Let f(m) = 2*m**3 + 6*m**2 + 15 - 5 - 3 - 4 + 3*m + 2. Calculate f(-4).
-39
Let n(j) = 15*j**2 + 3*j + 58. Let p(h) = -82*h**2 - 9*h - 289. Let x(b) = 11*n(b) + 2*p(b). What is x(-6)?
6
Let h(z) = -2*z + 8. Let k(j) = -2*j + 7. Let w(g) = 6*h(g) - 5*k(g). Let r be w(5). Let a(m) = m**2 - 4*m + 2. Give a(r).
-1
Let g(x) be the second derivative of -7*x**5/20 - x**4/12 - x**3/3 - x**2/2 + x. Let n(a) = a**3 + 3*a**2 - 2*a - 9. Let s be n(-2). Determine g(s).
7
Let n be (3/(-4) + 2)/(4/32). Let w(i) = -i**2 + 12*i + 4. Let h be w(n). Let r(z) = 2*z**3 + z**2 + 21*z - z**3 - h*z. Calculate r(-3).
-9
Let d = 48 - 30. Let t = d - 13. Suppose 3*o - 49 = t*u, -o + 0*o = 4*u + 12. Let v(b) = -b + 13. Give v(o).
5
Let v(a) = 2*a + 2. Let c = 348 + -679. Let t = c - -329. Determine v(t).
-2
Let d be (6/(-39) + 60/52)*5. Suppose 6 = -3*z - d*v, 0*z - 27 = -4*z + 5*v. Let s(y) = -y**2 + 4*y - 5. Determine s(z).
-2
Suppose 2*p = 3*s - 600, 5*s - 4*p - 753 = 249. Let u be s/55 + (-9)/15. Let d(j) = j - 2. Give d(u).
1
Let k(m) = 2*m - 3. Suppose 10 + 9 = 14*d + 47. Determine k(d).
-7
Suppose 2*j + 71 = -5*f + 3, 0 = j - 5*f + 34. Suppose 40*b - 647 = 873. Let i = b + j. Let k(q) = 3*q - 4. Determine k(i).
8
Suppose 2*y = -k - 3, 3*k = -5*y - 3 - 5. Let s(n) be the second derivative of -1/2*n**2 - 1/6*n**3 - 1/12*n**4 - 7/20*n**5 + 0 + 224*n. Give s(y).
6
Let y = 17 + -9. Let k(n) = 20 - 45*n - 2 + 16*n + 27*n. Calculate k(y).
2
Suppose 1737*p = 1747*p. 